 Let o(i) = -3*d(i) - 4*v(i). What are the prime factors of o(12)?
2, 41
Suppose -3*f + 7 = -2*o - 26, -o + 3*f - 24 = 0. Let h be 0*((-3)/18)/((-3)/o). Suppose h = 2*i + 10, 2*c - 4*c = 5*i - 59. List the prime factors of c.
2, 3, 7
Let h(a) = -3*a**3 - 10*a**2 - 2*a + 9. Let t be h(4). Let m = t + 411. List the prime factors of m.
2, 3, 5
Let f be 1*(79/2)/(7/14). Let q = f - 53. Let d = 34 + q. List the prime factors of d.
2, 3, 5
Let o(s) = s**3 + 3*s**2 - 5*s + 9. Let f be o(-4). Let c = 18 - f. List the prime factors of c/(5/(-5)) - -17.
2, 3
Let y be 0/(((-9)/12)/(15/(-40))). Suppose 2*z - h - 3*h - 210 = y, -5*z - 2*h + 549 = 0. List the prime factors of z.
109
Suppose 4*v - 5*n = 44, -3*v + 4*n - 6*n + 33 = 0. Suppose 3*w - 5*u = 3, -2*w + v = u - 4. List the prime factors of w.
2, 3
Suppose -4*r = 2*r - 11865 - 8985. What are the prime factors of r?
5, 139
Let x = -38 + 43. Suppose -5*a = 4*n + 15, 3*a = -x*n + 2*a - 3. What are the prime factors of 132 - n - (0 - 0)?
2, 3, 11
Let w be ((-1015)/(-15) - -5) + 1/3. Suppose w - 61 = 3*n. Suppose -2*r - n*l = -5*r + 59, 4*r - 86 = -2*l. What are the prime factors of r?
3, 7
Suppose -11166 = -f - u, -5*f - 4*u + 55830 = -2*u. List the prime factors of f.
2, 3, 1861
Suppose 0 = -387*j + 380*j + 2688. Suppose j = 4*f - 4688. List the prime factors of f.
2, 317
Let v be (-20)/(-4) + (-1 - -1). Let f(c) = -c**2 + 11*c + 2. Let k be f(v). Suppose 0 = -0*b + b - k. List the prime factors of b.
2
Suppose 7*p + 0 = 21. Suppose -2*v + 3*u + 7 = 0, -3*v + 4*u + p = -5. What are the prime factors of 0 + v + 12*4?
2, 11
Let o(b) = 5*b**2 - 101*b + 521. List the prime factors of o(5).
3, 47
Suppose 25*w + 5*v = 20*w + 55170, -v - 33082 = -3*w. What are the prime factors of w?
41, 269
Let b(r) = r + 1. Let k be b(1). Suppose 0 = 9*a - k - 25. Suppose a*j - 261 - 204 = 0. List the prime factors of j.
5, 31
Suppose -26382 - 32911 = -36*k - 4969. List the prime factors of k.
3, 503
Suppose -3*g = -73 + 25. Suppose -g*a = -11105 - 11439. What are the prime factors of a?
1409
Let t(r) = r**2 - 86*r - 1945. List the prime factors of t(-79).
2, 5, 1109
Let o(y) be the second derivative of y**5/10 - y**4/3 + 5*y**3/6 - 7*y**2/2 - 18*y + 1. Let l be 3/3 + 1 + 1. What are the prime factors of o(l)?
2, 13
Let x be ((-18)/8)/(2/(-8)). What are the prime factors of x*(-14)/(-441) + 5610/14?
401
Let h = -301 + -37. Let d = h + 1442. What are the prime factors of d?
2, 3, 23
Suppose 2*a - r - 2115 = 0, r - 16 = -17. What are the prime factors of a?
7, 151
Let l(u) = -u - 3*u - 26 + 4*u + 8*u. Let a be l(3). What are the prime factors of -1*a/(-4)*-554?
277
Suppose 2*s = -5*i + 261, -i + s + 61 = -3*s. Let u = -50 + i. Suppose 0*x + 36 = o - 4*x, 0 = 5*o - u*x - 265. What are the prime factors of o?
2, 7
Suppose -3*d + 21900 = 5*p, -2*d + 8415 = 5*p - 6195. List the prime factors of d.
2, 3, 5
Let f(x) = -10 + 0 - 9*x + 4*x**2 + 2*x**2 + x**3. Let l = 317 + -323. List the prime factors of f(l).
2, 11
Suppose 2*z = -4*z + 1260. Suppose -2*v + 400 = 2*j, v - 3*j - j - z = 0. What are the prime factors of v?
2, 101
Let h(d) = -d - 17. Let a be h(-20). Let n(q) = q + 2. Let j be n(a). Suppose j*f - 5*y = 130, -2*f + 5*f - 2*y = 79. What are the prime factors of f?
3
Suppose -23*c + 33 = -13. Suppose 4*w = -4*k + 2476, c*k + 368 = 5*w + 1627. List the prime factors of k.
2, 311
Let l = 328 - 487. What are the prime factors of l/(-1)*(2 + 5)?
3, 7, 53
Suppose 0 = v, -10*v = -a - 7*v + 265. Let s = a - 144. List the prime factors of s.
11
Suppose -4*v + 6*d - 3*d + 487 = 0, -2*v + 246 = -2*d. Suppose v = -5*z + 618. What are the prime factors of z?
2, 5
Suppose -3*k - 3*d = 3, 0*k = -k + 3*d - 9. Let g be (-2)/2*(k - 14)*1. Suppose -4*z - g = 2*r - 491, -3*z - 4*r = -368. What are the prime factors of z?
2, 29
List the prime factors of (-204325)/(-33) - 2/3.
41, 151
Let m = -64 - -68. List the prime factors of 2490/7 - m/(-14).
2, 89
Let g(y) = y - 3. Let o be 2 + (2 - ((-16)/4)/(-4)). Let w be g(o). List the prime factors of 2/5*(-1 - w)*-40.
2
Let d(g) = 0*g - 8*g + 57 - 4*g - 4*g. List the prime factors of d(-19).
19
Let h(n) = n**2 + 2. Suppose 0 = -7*k + 5*k + 4. Let t be h(k). List the prime factors of 2/t + 1644/36.
2, 23
Suppose 0 = -4*c + 3691 - 855. Let k = 1022 - c. What are the prime factors of k?
313
Let x = 152 - 153. Let l(z) = -470*z + 2. What are the prime factors of l(x)?
2, 59
Let s(j) be the second derivative of j**5/20 + 49*j**4/12 - 2*j**3/3 + 2*j**2 + j - 15. What are the prime factors of s(-49)?
2, 5
Let d be 868/(-1) + 6 + -8. Let q be 2/11 - (3 - d/(-55)). Suppose -q = -3*l + 431. List the prime factors of l.
2, 37
Let w = 11103 + 3973. What are the prime factors of w?
2, 3769
Let v(y) = -110*y + 7. Let c be v(-6). Suppose 386 = -t - 660*q + 661*q, -5*q - 1508 = 4*t. Let f = t + c. What are the prime factors of f?
3, 5, 19
Let g(h) = -3*h**3 - 4*h**2 - 8*h - 3. Let c be g(-3). Let d be 44/c - ((-55)/3 - -1). Suppose -d*u = -19*u + 15. List the prime factors of u.
3, 5
Suppose 2*u - 3*v = 6*u - 1021, 0 = 3*u - v - 769. Let m be u/(-10) - (-3 + 48/20). Let q = m + 81. What are the prime factors of q?
2, 7
Suppose 5*l = -84 - 16. Let h be l/(6 + -1) + -90. Let s = h - -136. List the prime factors of s.
2, 3, 7
Suppose 64*h + 433700 = 88*h + 77084. What are the prime factors of h?
3, 13, 127
Let v = 12166 - 5547. List the prime factors of v.
6619
Let d be 1*(197 + 16/(-4)). Let r = d + -324. Let u = -41 - r. List the prime factors of u.
2, 3, 5
Let j(f) = 351*f**2 + 10*f - 20. Let b be j(3). Suppose -14*o + b - 327 = 0. What are the prime factors of o?
7, 29
Suppose -19*b + 20582 = -129024. List the prime factors of b.
2, 31, 127
Let s = 7399 + 3205. List the prime factors of s.
2, 11, 241
Let v be 2/(-7)*-7*501/2. Let h = 932 - v. What are the prime factors of h?
431
Let l = 15184 + -12124. List the prime factors of l.
2, 3, 5, 17
Let s(w) = 8*w - 18*w + 23 + 0*w**2 + w**3 + 13*w**2 + 12*w. Let b be s(-13). List the prime factors of ((-4)/b*-1)/(4/(-126)).
2, 3, 7
Let i(w) = 54*w. Suppose 12*o - 55 = 53. List the prime factors of i(o).
2, 3
Let g = -5406 + 6722. What are the prime factors of g?
2, 7, 47
Suppose 0 = -3*f + 6, w - 4 = 2*f - 12. Let l be (w/3)/(61/(-21) - -3). List the prime factors of (-2)/l*1 - (-8710)/35.
3, 83
Suppose 2*y + 13*d - 670 = 10*d, 0 = 3*d - 12. Suppose y = 5*i - 876. List the prime factors of i.
241
Let d be (-6)/8*(-80)/15. Suppose d*i - 3*g = 460 + 2019, -2482 = -4*i + 2*g. List the prime factors of i.
2, 311
Suppose 28*f + 24 = 25*f. Let z(p) = p**3 + 7*p**2 - 9*p - 7. Let a be z(f). What are the prime factors of 2 + (a - 36*-3)?
3, 37
Let y(p) = p**3 + 8*p**2 - 7*p + 11. Let c be y(-9). What are the prime factors of ((-70)/45)/c - 18068/(-18)?
2, 251
Suppose -19*a + 137074 = -66753 - 7605. List the prime factors of a.
2, 13, 107
Let w = -189 + 660. Suppose 0 = -d + w - 62. What are the prime factors of (-20)/160 - d/(-8)?
3, 17
Let z be 4 + ((-4)/(-2) - 0). Suppose -6*k + z = -8*k. List the prime factors of k - (-2 + -3 - 0)*25.
2, 61
Let i be (-3 + -11)*12*4/32. Suppose 18 = z - 0. List the prime factors of 4 - z/3 - (i - -1).
2, 3
Let h(i) = -92*i + 995 + 964 - 1845. List the prime factors of h(-12).
2, 3, 7, 29
Suppose 2*f - 22 = 5*j + 56, -174 = -5*f + 2*j. Suppose -5*u - f = 21. List the prime factors of 78 - -1 - 11/u.
2, 5
Let b be (0 + 1)/((-1)/(-3 + 1)). Suppose -b*w + 2574 = 9*w. What are the prime factors of w?
2, 3, 13
Suppose 0 = g - 126 + 112. Suppose 2*r = -3*o + g, 0*o = -o + r - 2. Suppose -47 = -o*p + 107. What are the prime factors of p?
7, 11
Let v(b) = 34*b + 13. Let h be v(-4). Suppose -l + 179 = -x, 5*l + 3*x = 971 - 68. Let c = h + l. List the prime factors of c.
3, 19
Let i be 2/(-36)*-3 - (-1250)/(-12). What are the prime factors of -2 + i/(4/2 + -3)?
2, 3, 17
Let k(w) = -5210*w - 1800. List the prime factors of k(-3).
2, 3, 5, 461
Suppose 4*g + 21936 = 2*o, -102*o + 106*o - 2*g - 43860 = 0. List the prime factors of o.
2, 2741
Suppose 2*a - 5*k - 3848 = 0, a = -2*k - 120 + 2035. List the prime factors of a.
19, 101
Suppose 2*u = 8, 2*h + 42*u - 7556 = 46*u. What are the prime factors of h?
2, 3, 631
Suppose -13*f + 19*f + 36 = 0. What ar